Let n(y) = -y**3 - 11*y**2 - 10*y + 2. Let m be n(-10). Suppose -7 - 177 = -m*q. What is the greatest common divisor of q and 23?
23
Let b(c) = 3*c**2 + 3*c - 3. Suppose -2*p - 6 = -0*p. Let q be b(p). Calculate the highest common divisor of 135 and q.
15
Let o(i) = 15*i + 2. Let c(r) = 10*r + 1. Let x(b) = 7*c(b) - 5*o(b). Let g be x(-2). What is the highest common factor of 28 and g?
7
Let f = -7 - -17. Suppose 2*i - 6 - f = 0. Calculate the highest common factor of 8 and i.
8
Suppose -2*b + 2*u - 90 - 110 = 0, 5*u = 2*b + 185. Let g = b - -24. Let a be g*2/(-1) - -3. Calculate the highest common divisor of a and 15.
15
Suppose -4*d + 103 + 117 = 0. Calculate the greatest common factor of d and 11.
11
Let s(z) = 24*z**2 + z + 1. Let u be s(-1). Suppose -4 = -i, -2*t - 12 + 2 = -4*i. Calculate the highest common divisor of u and t.
3
Suppose 27 = -5*x + q + 95, -4*x - 5*q = -37. Let w = x - -15. What is the greatest common factor of w and 4?
4
Let n(o) = -2*o + 88. Let f be n(0). What is the highest common divisor of f and 8?
8
Let u = -3 - 1. Let q be 11 - (-12)/16*u. What is the highest common divisor of 12 and q?
4
Let r be (-8)/(-6) + (-2)/6. Let h(m) = 5*m - m + 3*m - 5*m - 5. Let f be h(6). Calculate the highest common divisor of r and f.
1
Suppose -3*n - 21 = -0*n. Let v = n + 4. Let x be 37 - (9/v - -1). Calculate the greatest common divisor of x and 13.
13
Let m(b) = 2*b**2 + 12*b. Let n be m(-8). What is the highest common factor of 352 and n?
32
Let f = 12 - 8. Let c = -1 + f. Suppose 5*k - 25 = 0, 4*t - c*k = k + 36. Calculate the highest common factor of 84 and t.
14
Let w(y) = y**2 - 1 - 2*y + y - 2*y. Let t be w(4). Suppose 48 = t*b + b. What is the highest common divisor of b and 8?
4
Let o(i) be the first derivative of -i**2 + 9*i + 1. Let l be o(6). Let t be -3*((-8)/l)/(-4). Calculate the highest common factor of t and 6.
2
Suppose 3*n - 1543 + 286 = -3*r, 5*n = -4*r + 2096. Suppose 9*s - 3*s = n. What is the highest common factor of 14 and s?
14
Suppose -n = -w - 12, 2*w + 68 = 5*n - w. Let b be (9/12)/(2/n). Calculate the greatest common divisor of b and 18.
6
Let i = -6 - -22. Let g be (-6 + i)/(-2 - -4). Suppose 0 = -g*b - 2*o + 67, 6*b = 3*b + o + 49. Calculate the greatest common factor of 10 and b.
5
Let z = 507 - 360. Calculate the highest common factor of 21 and z.
21
Let i(a) = 2*a**3 - 3*a**2 + a - 3. Let m be i(3). Suppose -2*d - d - g + m = 0, 20 = d + 4*g. Calculate the highest common divisor of d and 4.
4
Suppose -5*i = 2*k + 6, 7*i - 5*k = 2*i - 20. Let h be 0 - ((-10)/(-1) - i). Let d be 0 + 0 - h - 0. What is the highest common divisor of d and 84?
12
Suppose 0 = 3*n + 2*a - 41 - 27, a + 31 = n. Suppose s - n = -s. Calculate the highest common factor of s and 52.
13
Let b = -65 + 110. Calculate the highest common divisor of b and 5.
5
Let o(t) = 21*t**3 + t**2 - t. Let f be o(1). What is the greatest common divisor of 21 and f?
21
Suppose 12 + 12 = 6*z. Calculate the greatest common factor of z and 20.
4
Let v(i) = i**3 + 4*i**2 - 2*i - 2. Let o be v(-2). Calculate the greatest common divisor of o and 2.
2
Suppose 25 + 245 = 2*u. Let a(q) = 2*q**2 - 3. Let p be a(3). Calculate the greatest common divisor of u and p.
15
Suppose 2*g = 0, 0 = -4*m + 4*g - 2*g + 216. What is the highest common divisor of 72 and m?
18
Let o be (-35)/(-14)*8/10. Calculate the greatest common factor of o and 2.
2
Suppose 3*x = -0*x + 3, 0 = -s + 3*x - 3. Let d = s - -44. Calculate the highest common divisor of d and 22.
22
Let x = 166 - 111. What is the greatest common divisor of 22 and x?
11
Suppose -u - 7 = -13. Calculate the greatest common factor of 12 and u.
6
Let i be 9/(2 - 42/22). Suppose -2*p - 26 = -4*n, -n = 4*n + 5*p - 70. Calculate the greatest common factor of n and i.
9
Let p be (-14528)/(-208) - (-4)/26. What is the greatest common factor of p and 10?
10
Let j be ((-2)/(-3))/((-14)/(-483)). Calculate the highest common divisor of 23 and j.
23
Let o(w) = -w + 14. Let k(d) = -d**3 + 7*d**2 - 7*d - 4. Let z be k(6). Let i be o(z). What is the greatest common factor of i and 3?
3
Let u(b) = b + 5. Let g be u(6). Calculate the highest common factor of g and 110.
11
Let o be -5 - (21/(-1) - 3). Calculate the highest common factor of o and 19.
19
Let j(q) = q**2 + q. Let n be j(-3). Let y = 18 - 12. Calculate the highest common divisor of n and y.
6
Let k = -2 + 4. Suppose -q + 28 = k. What is the greatest common divisor of q and 39?
13
Suppose 0 = w + 1 + 2, 5*u - 13 = -4*w. Suppose o = u - 1. Let j = o + -1. What is the highest common divisor of j and 15?
3
Let p be -1 - -1 - (-1 + -215). What is the greatest common factor of p and 24?
24
Let p = -61 - -65. Let f(t) = 3*t**2 - 2*t - 4. Let q be f(4). Calculate the greatest common factor of p and q.
4
Suppose -11 + 137 = 3*w. Let y be (-1)/(-3) - 559/39. Let h be (5/(-5))/(1/y). What is the highest common divisor of w and h?
14
Suppose 0 = c + 3, -9 + 3 = -3*a + 4*c. Let k be -1*(a + -2 + -6). Suppose 2*n - k = 12. Calculate the greatest common divisor of n and 55.
11
Let g be (-14)/(-49) - (-52)/14. Suppose -k = -3*k + 56. Calculate the greatest common factor of k and g.
4
Let j(c) = c**2 + 7*c + 2. Let u be j(-7). What is the highest common factor of 8 and u?
2
Suppose -k = 4, -1402 = -4*v + 5*k + 1134. Suppose 4*d + 101 = v. Suppose 3*h + 0*h - d = 0. What is the highest common factor of h and 11?
11
Let o(n) = n**3 + 2*n**2 - 3*n + 5. Let c be o(-5). Let a be 0 - c - 0/(-3). Calculate the highest common factor of a and 11.
11
Let d(k) = 2*k**2 + 7*k + 6. Let u be d(-7). Suppose -3*v + v - 3 = -h, -5*v + 20 = 0. What is the highest common factor of h and u?
11
Let x = -2 - -3. Let g be (-3 - 2)*(-4)/((-16)/(-4)). What is the greatest common divisor of x and g?
1
Let o be (72/(-20))/(15/(-50)). What is the greatest common factor of 8 and o?
4
Let w be 8/20*((1 - -2) + 22). Let p(i) = i**3 - 4*i**2 + 5*i - 4. Let t be p(3). Suppose w = t*d - 62. Calculate the greatest common factor of 4 and d.
4
Let u(c) = c + 1. Let p be u(1). Suppose 16 = -3*b - 2*n, b - 17 = p*b + 3*n. Let d be 117 - (0 + (b - -2)). What is the greatest common divisor of 13 and d?
13
Let w(i) = -i**3 + 3*i**2 + i - 1. Let j be w(2). Suppose r - t = 7, -3*r - j*t + 1 = -12. Calculate the greatest common divisor of 15 and r.
3
Suppose 0 = -n + 4*n - 30. Let x = -1 + 4. Suppose 13 = x*j - 137. What is the highest common factor of j and n?
10
Let g(y) = -2*y**2 + 3*y + 9. Let d be g(8). Let u = d - -135. Calculate the highest common factor of 16 and u.
8
Let c = 10 - 7. Suppose 0 = 3*f + 2*h - 16, 0*f + 25 = 5*f + c*h. What is the highest common divisor of 1 and f?
1
Suppose -l = -4*l - 24. Suppose -5*i + 0*i + n - 27 = 0, 2*i + 6 = 2*n. Let f be ((-16)/i)/(l/(-108)). Calculate the highest common factor of f and 4.
4
Suppose 0 = -7*f + 92 + 125. What is the highest common factor of 62 and f?
31
Let l = 17 + -6. Let q be (-466)/(-14) - (-26)/(-91). Calculate the greatest common divisor of q and l.
11
Suppose -4 = -f - 4*z + 4, 4*z = 2*f - 16. What is the greatest common divisor of 8 and f?
8
Let g(y) = 95*y**3 + y**2 - 3*y + 2. Let f be g(1). Calculate the highest common divisor of 19 and f.
19
Let c be (-3)/(-1) + 1/(-1). Let a be c/(-7) + (-235)/35. Let h(p) = -p**3 - 6*p**2 + 6*p + 6. Let q be h(a). What is the greatest common divisor of q and 104?
13
Suppose -17*m + 21*m - 64 = 0. Calculate the greatest common factor of 64 and m.
16
Let l = -43 - 43. Let a = -59 - l. Calculate the greatest common divisor of 3 and a.
3
Let w be (-24)/(-8) - 1*(0 + -1). Calculate the greatest common factor of 6 and w.
2
Suppose 0 = -a + 5*d + 27, -2*a - 3*d - 2*d - 21 = 0. Let f be 0/(5 - 2) + a. Let u be (-24)/f*20/(-6). What is the greatest common divisor of 16 and u?
8
Let m = -55 + 94. Suppose -c + 3*f = -12, 0 = 5*c - 2*f + 5 - m. Suppose -k - 70 = -c*k. Calculate the highest common factor of k and 42.
14
Suppose c = -2*c + 9. Let t be (-26)/(-8) + c/(-12). What is the highest common divisor of t and 33?
3
Let z = 198 + -138. Let a be 2*67 - (-6)/3. Let d be a/12 + (-2)/(-3). What is the greatest common divisor of z and d?
12
Let x be 1*2/(-4)*-2. Suppose -28*j + 22*j = -12. Calculate the highest common divis